Calculate the remainder when 47 is divided by x(-3).
15
Let w(l) = l**2 - 9*l + 3. Let y(v) = 4*v**2 - 37*v + 12. Let p(d) = -9*w(d) + 2*y(d). Let o = -5 - -9. What is the remainder when 33 is divided by p(o)?
6
Let a(s) = s**3 + 10*s**2 + 8*s - 9. Let n be a(-9). Suppose -h + 37 + 2 = -2*q, 2*h + q - 58 = n. What is the remainder when h is divided by 8?
7
Suppose -i + 20 = 3*i. Calculate the remainder when 9 is divided by i.
4
Suppose -4*n = -3*g - 11, -2*g + 0*n + 31 = 5*n. Suppose 0 = -r + g*r - 6. Calculate the remainder when -1*((2 - -2) + -9) is divided by r.
2
Let c(i) = -2*i - 2. Let z be c(2). Let s(a) = -a**3 - 6*a**2 - a + 3. Suppose -3*v = -21 - 27. Calculate the remainder when v is divided by s(z).
7
Let j = -53 - -63. Let w(h) = -3*h**3 + 2*h**2 + 4*h + 3. What is the remainder when w(-2) is divided by j?
7
Let s(k) = 2*k**2 + 2. Suppose -b - 2*b = -3*l + 3, 0 = -2*b + 3*l - 1. Calculate the remainder when s(b) is divided by 6.
4
Let j = 8 - 3. Let x(f) = -f**3 + 6*f**2 - 4*f - 4. Let p be x(4). Let d = p - -1. What is the remainder when d is divided by j?
3
Let t(b) = 12*b**2 + 2*b + 1. Let m be (-4 - 0)*6/8. Let f = -1 - m. What is the remainder when t(f) is divided by 18?
17
Suppose -4*c = 4, 0 = 5*u - 0*c - 2*c - 237. Let j = u + -31. What is the remainder when j is divided by 6/1 + (-2 - -2)?
4
Suppose 2*n = -2*n - 12. Let f be (1 + 0)/(11/(-11)). What is the remainder when (-4)/(f - n) - -55 is divided by 14?
11
Let p(q) = 5*q + 15. Calculate the remainder when p(0) is divided by 2.
1
Suppose 122 = 4*w - 0*w - 2*u, 0 = -4*w + 5*u + 125. What is the remainder when 21 is divided by (-8)/(-100)*5*w?
9
Let k = -32 - -54. Let n(b) = b**3 - 11*b**2 + 12*b + 22. Calculate the remainder when n(10) is divided by k.
20
Let n(m) = 3 + 0*m**2 + m + m**2 + m**2 - 3*m. Calculate the remainder when 42 is divided by n(3).
12
Calculate the remainder when -256*(-2)/6 + (-14)/42 is divided by 196/9 - 8/(-36).
19
Suppose 3*y = -0*y + 111. Suppose -2*g + 47 = -57. Suppose -2*v + t = 6*t - 26, 4*v + 5*t - g = 0. What is the remainder when y is divided by v?
11
Suppose 4 - 1 = f. Suppose 3*k + 9 = x + k, f*k = -4*x + 47. Suppose -2*w + 20 = -w. Calculate the remainder when w is divided by x.
9
Calculate the remainder when (-1 + 2)/((-1)/(-71)) is divided by (-14)/1*(72/21)/(-2).
23
Suppose -4*y + 205 = 65. Suppose -5*f + 121 = -4*a, a + 3*f + 46 = -f. Let u = -22 - a. Calculate the remainder when y is divided by u.
11
Suppose 4*d = 6*d - 22. Let i be (-3)/(-9) - 1/3. Suppose -2*c + 3*c - 30 = i. Calculate the remainder when c is divided by d.
8
Let h(y) = -y**3 - y - 1. Let t be h(-1). What is the remainder when 3 is divided by 7/14*6*t?
0
Suppose 0 = 2*t - 4, 4*t = -0*u - 2*u + 12. Calculate the remainder when 15 is divided by u.
1
Let b = 11 + 9. Calculate the remainder when 36 is divided by b.
16
Let k = 213 + -151. Calculate the remainder when k is divided by 21.
20
Let b(a) = a**2 + 6*a - 4. Let m be b(-6). Let t(y) = -y**3 - 2*y**2 - y + 3. What is the remainder when t(m) is divided by 15/(-9)*12/(-2)?
9
Let g be (-3)/3 - 3/(-3). What is the remainder when -1 - -1*31*1 is divided by 16 - 0 - (0 - g)?
14
Suppose -3*w = -58 + 10. Suppose -187 = -3*o - w. What is the remainder when o is divided by 20?
17
Suppose 29 = 5*u - 181. Suppose -u = -6*f - 0*f. Calculate the remainder when (-1)/(-3) + (-70)/(-6) is divided by f.
5
Let m be ((-1)/2)/((-4)/(-16)). Let a = 12 - 7. What is the remainder when (-12)/(-15)*(-35)/m is divided by a?
4
Let d be (6/12)/((-2)/8). Let a be 6/3 + 0 + d. What is the remainder when (a - 1)/((-1)/49) is divided by 17?
15
Calculate the remainder when 59 is divided by (5/4)/(6/72).
14
Suppose b + 12 = 5*b. Suppose -232 = b*i - 7*i. Calculate the remainder when i is divided by 20.
18
Let p(b) be the third derivative of b**4/24 + b**3/6 + 5*b**2. Let x(o) = o**3 + 3*o**2 - o + 4. Calculate the remainder when x(-3) is divided by p(3).
3
Calculate the remainder when 63 is divided by (4/(-4) - -15) + 2.
15
Let g(c) = c**2 + 2. Suppose k - d = 9, -5*k - 4*d - 8 = -2*k. Let o = 16 - 6. What is the remainder when g(k) is divided by o?
8
Suppose 78 = 5*c - 3*c. Let w(r) = -2*r + 2. Calculate the remainder when c is divided by w(-6).
11
Let z(l) = 14*l - 37. Calculate the remainder when z(4) is divided by 4.
3
Suppose -2*g - 5*n = -28, -2*g - 4*n + n + 20 = 0. Suppose -5*o + 25 = 5. Calculate the remainder when g/16 - 86/(-8) is divided by o.
3
Let g(l) = 2*l**3 + 9*l**2 + 6*l + 9. Let m(y) = y**3 + 1. Let f(t) = -g(t) + m(t). What is the remainder when f(-9) is divided by 12?
10
Let f(h) = h**2 + 2*h - 2. What is the remainder when 22 is divided by f(-4)?
4
Suppose -u - 2*u = -237. Calculate the remainder when u is divided by 20.
19
Suppose -j = -3*o - 3*j + 76, 104 = 4*o + 4*j. Calculate the remainder when o is divided by 13.
11
Let l(z) = z**3 + 13*z**2 - 13*z + 9. Let g be l(-14). Let w(o) = o**2 + 5*o + 2. Calculate the remainder when 3 is divided by w(g).
1
Let i be (1 + 2)/((-3)/(-9)). Let k = 19 - i. What is the remainder when 17 is divided by k?
7
Let x = -8 - -13. Let m(u) = -5*u + 7 - 2*u + 2*u**2 + 0. Calculate the remainder when m(x) is divided by 8.
6
Let m(r) = 10*r + 18. Suppose -73 = -3*d - 2*u, 4*d - u + 58 = 159. Calculate the remainder when m(8) is divided by d.
23
Suppose 0 = 5*g + 4*k - 3 - 24, -2*g + 3*k = 3. What is the remainder when g is divided by 2?
1
Let w be (-8)/(-4) - -2*14. What is the remainder when w/70 + (-358)/(-14) is divided by 7?
5
Let n = 158 + -87. Calculate the remainder when n is divided by 1*20/(-30)*-18.
11
Suppose 5*x + 131 = s, 3*x - 275 = -4*s + 249. What is the remainder when s is divided by 34?
29
Let k(g) = -6*g + 3. Let j(p) = p + 1. Let h(o) = j(o) - k(o). Let b be h(2). Suppose -b = -3*u - u. What is the remainder when 7 is divided by u?
1
Let y(x) = -x. Suppose -5*l - 13 = f - l, -26 = 2*f - 5*l. What is the remainder when 37 is divided by y(f)?
11
Suppose -2*u + 40 = -0*u. Let w = -471 + 508. What is the remainder when w is divided by u?
17
Let z be 4*((-49)/(-4) + 0). Let k(w) = -w**2 - 7*w - 4. Let r be k(-10). Let d = r + z. What is the remainder when 43 is divided by d?
13
Let d = -6 + 21. Suppose 3*n - 7*n + 32 = 0. What is the remainder when d is divided by n?
7
Let r = 32 + -3. Suppose 0*c = 2*f - c + 13, -4*f + c = r. Calculate the remainder when 13 is divided by f/(-4) + 4 + 1.
6
Let c be 3 + 0 - (2 + 1). Suppose 2*x - x - 10 = c. Calculate the remainder when x is divided by 6.
4
Suppose -b + 0*g - 4*g - 9 = 0, 3*b + 4*g - 13 = 0. What is the remainder when b is divided by (-4)/(-60)*9 + (-27)/(-5)?
5
Let s(i) = 3*i - 3. What is the remainder when s(6) is divided by 10 + (-4)/6*3?
7
Let i(l) = -l**2 - 4*l + 1. Let p be i(-5). Let d(k) = k**2 + 4*k + 3. Calculate the remainder when 11/9 + -1 + 172/36 is divided by d(p).
2
Let o = 3 + -2. Suppose 3*c - 11 - 16 = 0. What is the remainder when o*50/8*4 is divided by c?
7
Let u be (-52)/(-12) - 2/6. Suppose -2*s + 2*x = -64, -6*s + 133 = -s + u*x. Calculate the remainder when s is divided by 16.
13
Let i(q) = -2*q**3 + 6*q**2 + 5*q**3 - 7*q - 8 - 2*q**3. Let m be i(-6). Let w = m + -21. What is the remainder when 51 is divided by w?
12
Let r = 9 + 6. Calculate the remainder when r is divided by 6.
3
What is the remainder when 36 is divided by 3/(-9) + (-305)/(-15)?
16
Let p(r) = 3*r - 9. What is the remainder when 16 is divided by p(6)?
7
Let z = -25 + 41. Suppose q - z = -3*q. Let c(v) = 4*v**2 - 2*v - 1. What is the remainder when c(-1) is divided by q?
1
Let b = -2 + 7. Let n(q) = -1 + 0*q + 3*q - 3. What is the remainder when n(6) is divided by b?
4
Let n(a) = 8*a + 1. Suppose 0 = 2*m + 1 - 7. Calculate the remainder when n(m) is divided by 7.
4
Let l(g) = 2*g**2 + 4*g. Let y be l(-3). Suppose 2*d - y = 48. Let o(f) = f**3 + 2*f**2 - f. Calculate the remainder when d is divided by o(2).
13
Suppose -8 = -4*q + 4. Calculate the remainder when 4 is divided by -3 + 5 + q + -2.
1
Suppose v - 177 = -2*v. Calculate the remainder when v is divided by 31.
28
Suppose -15 = -0*s - 5*s. Calculate the remainder when s is divided by 3/(-1)*(-2)/3.
1
Let t be 18/(-4) + 18/12. Let v = 37 - t. Calculate the remainder when v is d